{"id":4281,"date":"2019-03-11T20:35:29","date_gmt":"2019-03-11T20:35:29","guid":{"rendered":"https:\/\/colibriwp-work.colibriwp.com\/designer-portfolio-i\/?page_id=1192"},"modified":"2026-01-11T15:54:16","modified_gmt":"2026-01-11T15:54:16","slug":"koncert-per-le-scuole","status":"publish","type":"page","link":"https:\/\/www.koncert.it\/?page_id=4281","title":{"rendered":"K\u00f6nCeRT per le scuole"},"content":{"rendered":"<div data-colibri-id=\"4281-c1\" class=\"style-643 style-local-4281-c1 position-relative\">\n  <!---->\n  <div data-colibri-component=\"section\" data-colibri-id=\"4281-c2\" id=\"custom\" class=\"h-section h-section-global-spacing d-flex align-items-lg-center align-items-md-center align-items-center style-1633 style-local-4281-c2 position-relative\">\n    <!---->\n    <!---->\n    <div class=\"h-section-grid-container h-section-boxed-container\">\n      <!---->\n      <div data-colibri-id=\"4281-c3\" class=\"h-row-container gutters-row-lg-2 gutters-row-md-2 gutters-row-0 gutters-row-v-lg-2 gutters-row-v-md-2 gutters-row-v-2 style-1634 style-local-4281-c3 position-relative\">\n        <!---->\n        <div class=\"h-row justify-content-lg-center justify-content-md-center justify-content-center align-items-lg-stretch align-items-md-stretch align-items-stretch gutters-col-lg-2 gutters-col-md-2 gutters-col-0 gutters-col-v-lg-2 gutters-col-v-md-2 gutters-col-v-2\">\n          <!---->\n          <div class=\"h-column h-column-container d-flex h-col-lg-auto h-col-md-auto h-col-auto style-1635-outer style-local-4281-c4-outer\">\n            <div data-colibri-id=\"4281-c4\" class=\"d-flex h-flex-basis h-column__inner h-px-lg-2 h-px-md-2 h-px-2 v-inner-lg-2 v-inner-md-2 v-inner-2 style-1635 style-local-4281-c4 position-relative\">\n              <!---->\n              <!---->\n              <div class=\"w-100 h-y-container h-column__content h-column__v-align flex-basis-100 align-self-lg-start align-self-md-start align-self-start\">\n                <!---->\n                <div data-colibri-id=\"4281-c5\" class=\"h-global-transition-all h-heading style-1636 style-local-4281-c5 position-relative h-element\">\n                  <!---->\n                  <div class=\"h-heading__outer style-1636 style-local-4281-c5\">\n                    <!---->\n                    <!---->\n                    <h4 class=\"\"><span style=\"font-family: Muli; font-weight: 800;\">Nel DNA di K\u00f6nCeRT c\u2019\u00e8 la voglia di collaborare con le scuole e coinvolgere i pi\u00f9 giovani. Perch\u00e9?<\/span><\/h4>\n                  <\/div>\n                <\/div>\n                <div data-colibri-id=\"4281-c6\" class=\"h-text h-text-component style-1637 style-local-4281-c6 giustificato position-relative h-element\">\n                  <!---->\n                  <!---->\n                  <div class=\"\">\n                    <p>Semplice! Vogliamo costruire strumenti che possano aiutarci a rendere il concetto di comunit\u00e0 energetica rinnovabile pi\u00f9 intuitivo e spiegabile a una platea vasta di persone, dai bambini agli adulti. Inoltre crediamo fortemente nei\n                      giovani e nei ragazzi che con la loro sensibilit\u00e0 verso l\u2019ambiente, la sostenibilit\u00e0 e la loro creativit\u00e0 riescono a mettere a terra e a contaminare positivamente le nostre idee.<\/p>\n                  <\/div>\n                <\/div>\n                <div data-colibri-id=\"4281-c7\" class=\"h-global-transition-all h-heading style-1638 style-local-4281-c7 position-relative h-element\">\n                  <!---->\n                  <div class=\"h-heading__outer style-1638 style-local-4281-c7\">\n                    <!---->\n                    <!---->\n                    <h4 class=\"\"><span style=\"font-family: Muli;\">Cosa abbiamo fatto finora?<\/span><\/h4>\n                  <\/div>\n                <\/div>\n              <\/div>\n            <\/div>\n          <\/div>\n        <\/div>\n      <\/div>\n    <\/div>\n  <\/div>\n  <div data-colibri-component=\"section\" data-colibri-id=\"4281-c8\" id=\"about\" class=\"h-section h-section-global-spacing d-flex align-items-lg-center align-items-md-center align-items-center style-1639 style-local-4281-c8 position-relative\">\n    <!---->\n    <!---->\n    <div class=\"h-section-grid-container h-section-boxed-container\">\n      <!---->\n      <div data-colibri-id=\"4281-c9\" class=\"h-row-container gutters-row-lg-0 gutters-row-md-0 gutters-row-0 gutters-row-v-lg-0 gutters-row-v-md-0 gutters-row-v-0 style-1640 style-local-4281-c9 position-relative\">\n        <!---->\n        <div class=\"h-row justify-content-lg-center justify-content-md-center justify-content-center align-items-lg-stretch align-items-md-stretch align-items-stretch gutters-col-lg-0 gutters-col-md-0 gutters-col-0 gutters-col-v-lg-0 gutters-col-v-md-0 gutters-col-v-0\">\n          <!---->\n          <div class=\"h-column h-column-container d-flex h-col-lg-auto h-col-md-auto h-col-auto style-1641-outer style-local-4281-c10-outer\">\n            <div data-colibri-id=\"4281-c10\" class=\"d-flex h-flex-basis h-column__inner h-px-lg-0 h-px-md-0 h-px-0 v-inner-lg-0 v-inner-md-0 v-inner-0 style-1641 style-local-4281-c10 position-relative\">\n              <!---->\n              <!---->\n              <div class=\"w-100 h-y-container h-column__content h-column__v-align flex-basis-100 align-self-lg-start align-self-md-start align-self-start\">\n                <!---->\n                <div data-colibri-id=\"4281-c11\" class=\"h-global-transition-all h-heading style-1643 style-local-4281-c11 position-relative h-element\">\n                  <!---->\n                  <div class=\"h-heading__outer style-1643 style-local-4281-c11\">\n                    <!---->\n                    <!---->\n                    <h4 class=\"\"><span style=\"font-family: Muli;\">Modello 3D in scala ridotta di una Comunit\u00e0 Energetica Rinnovabile<\/span><\/h4>\n                  <\/div>\n                <\/div>\n                <div data-colibri-id=\"4281-c12\" class=\"h-text h-text-component style-1644 style-local-4281-c12 giustificato position-relative h-element\">\n                  <!---->\n                  <!---->\n                  <div class=\"\">\n                    <p><span style=\"font-family: Muli;\">Nell\u2019ambito dell\u2019alternanza scuola lavoro (ASL) con l\u2019ITT Marconi di Rovereto gli studenti dovranno giungere alla modellazione e stampa 3D di un modello in scala ridotta di una comunit\u00e0 energetica rinnovabile!<\/span><\/p>\n                  <\/div>\n                <\/div>\n                <div data-colibri-id=\"4281-c13\" class=\"h-text h-text-component style-1646 style-local-4281-c13 position-relative h-element\">\n                  <!---->\n                  <!---->\n                  <div class=\"\">\n                    <p>Stato: in Corso<\/p>\n                  <\/div>\n                <\/div>\n              <\/div>\n            <\/div>\n          <\/div>\n          <div class=\"h-column h-column-container d-flex h-col-lg-auto h-col-md-auto h-col-auto style-1645-outer style-local-4281-c14-outer\">\n            <div data-colibri-id=\"4281-c14\" class=\"d-flex h-flex-basis h-column__inner h-ui-empty-state-container h-px-lg-2 h-px-md-2 h-px-2 v-inner-lg-2 v-inner-md-2 v-inner-2 style-1645 style-local-4281-c14 position-relative\">\n              <!---->\n              <!---->\n              <div class=\"w-100 h-y-container h-column__content h-column__v-align flex-basis-100\">\n                <!---->\n              <\/div>\n            <\/div>\n          <\/div>\n        <\/div>\n      <\/div>\n    <\/div>\n  <\/div>\n  <div data-colibri-component=\"section\" data-colibri-id=\"4281-c15\" id=\"about-2\" class=\"h-section h-section-global-spacing d-flex align-items-lg-center align-items-md-center align-items-center style-1647 style-local-4281-c15 position-relative\">\n    <!---->\n    <!---->\n    <div class=\"h-section-grid-container h-section-boxed-container\">\n      <!---->\n      <div data-colibri-id=\"4281-c16\" class=\"h-row-container gutters-row-lg-0 gutters-row-md-0 gutters-row-0 gutters-row-v-lg-0 gutters-row-v-md-0 gutters-row-v-0 style-1648 style-local-4281-c16 position-relative\">\n        <!---->\n        <div class=\"h-row justify-content-lg-center justify-content-md-center justify-content-center align-items-lg-stretch align-items-md-stretch align-items-stretch gutters-col-lg-0 gutters-col-md-0 gutters-col-0 gutters-col-v-lg-0 gutters-col-v-md-0 gutters-col-v-0\">\n          <!---->\n          <div class=\"h-column h-column-container d-flex h-col-lg-auto h-col-md-auto h-col-auto style-1649-outer style-local-4281-c17-outer\">\n            <div data-colibri-id=\"4281-c17\" class=\"d-flex h-flex-basis h-column__inner h-ui-empty-state-container h-px-lg-0 h-px-md-0 h-px-0 v-inner-lg-0 v-inner-md-0 v-inner-0 style-1649 style-local-4281-c17 position-relative\">\n              <!---->\n              <!---->\n              <div class=\"w-100 h-y-container h-column__content h-column__v-align flex-basis-100\">\n                <!---->\n              <\/div>\n            <\/div>\n          <\/div>\n          <div class=\"h-column h-column-container d-flex h-col-lg-auto h-col-md-auto h-col-auto style-1650-outer style-local-4281-c18-outer\">\n            <div data-colibri-id=\"4281-c18\" class=\"d-flex h-flex-basis h-column__inner h-px-lg-2 h-px-md-2 h-px-2 v-inner-lg-2 v-inner-md-2 v-inner-2 style-1650 style-local-4281-c18 position-relative\">\n              <!---->\n              <!---->\n              <div class=\"w-100 h-y-container h-column__content h-column__v-align flex-basis-100 align-self-lg-start align-self-md-start align-self-start\">\n                <!---->\n                <div data-colibri-id=\"4281-c19\" class=\"h-global-transition-all h-heading style-1652 style-local-4281-c19 position-relative h-element\">\n                  <!---->\n                  <div class=\"h-heading__outer style-1652 style-local-4281-c19\">\n                    <!---->\n                    <!---->\n                    <h4 class=\"\"><span style=\"font-family: Muli;\">Progetto logo<\/span><\/h4>\n                  <\/div>\n                <\/div>\n                <div data-colibri-id=\"4281-c20\" class=\"h-text h-text-component style-1653 style-local-4281-c20 giustificato position-relative h-element\">\n                  <!---->\n                  <!---->\n                  <div class=\"\">\n                    <p><span style=\"font-family: Muli;\">50 studenti si sono cimentati in un percorso di conoscenza dei concetti di cooperazione e comunit\u00e0 energetica e nell\u2019ideazione del logo della cooperativa! <br>I nostri soci, durante l\u2019assemblea&nbsp;annuale, hanno  votato il logo che oggi \u00e8 diventato l\u2019immagine della cooperativa e della comunit\u00e0 energetica!<\/span><\/p>\n                    <p><span style=\"font-family: Muli;\">Siamo fieri di aver ideato il nostro logo con i ragazzi degli Artigianelli!<\/span><\/p>\n                  <\/div>\n                <\/div>\n                <div data-colibri-id=\"4281-c21\" class=\"h-text h-text-component style-1654 style-local-4281-c21 position-relative h-element\">\n                  <!---->\n                  <!---->\n                  <div class=\"\">\n                    <p>Stato: Realizzato<\/p>\n                  <\/div>\n                <\/div>\n              <\/div>\n            <\/div>\n          <\/div>\n        <\/div>\n      <\/div>\n    <\/div>\n  <\/div>\n<\/div>","protected":false},"excerpt":{"rendered":"<p>Nel DNA di K\u00f6nCeRT c\u2019\u00e8 la voglia di collaborare con le scuole e coinvolgere i pi\u00f9 giovani. Perch\u00e9? Semplice! Vogliamo costruire strumenti che possano aiutarci a rendere il concetto di comunit\u00e0 energetica rinnovabile pi\u00f9 intuitivo e spiegabile a una platea vasta di persone, dai bambini agli adulti. Inoltre crediamo fortemente nei giovani e nei ragazzi [&hellip;]<\/p>\n","protected":false},"author":1,"featured_media":0,"parent":0,"menu_order":0,"comment_status":"closed","ping_status":"closed","template":"page-templates\/full-width-page.php","meta":{"om_disable_all_campaigns":false,"_monsterinsights_skip_tracking":false,"_monsterinsights_sitenote_active":false,"_monsterinsights_sitenote_note":"","_monsterinsights_sitenote_category":0,"footnotes":""},"class_list":["post-4281","page","type-page","status-publish","hentry"],"aioseo_notices":[],"_links":{"self":[{"href":"https:\/\/www.koncert.it\/index.php?rest_route=\/wp\/v2\/pages\/4281","targetHints":{"allow":["GET"]}}],"collection":[{"href":"https:\/\/www.koncert.it\/index.php?rest_route=\/wp\/v2\/pages"}],"about":[{"href":"https:\/\/www.koncert.it\/index.php?rest_route=\/wp\/v2\/types\/page"}],"author":[{"embeddable":true,"href":"https:\/\/www.koncert.it\/index.php?rest_route=\/wp\/v2\/users\/1"}],"replies":[{"embeddable":true,"href":"https:\/\/www.koncert.it\/index.php?rest_route=%2Fwp%2Fv2%2Fcomments&post=4281"}],"version-history":[{"count":13,"href":"https:\/\/www.koncert.it\/index.php?rest_route=\/wp\/v2\/pages\/4281\/revisions"}],"predecessor-version":[{"id":7287,"href":"https:\/\/www.koncert.it\/index.php?rest_route=\/wp\/v2\/pages\/4281\/revisions\/7287"}],"wp:attachment":[{"href":"https:\/\/www.koncert.it\/index.php?rest_route=%2Fwp%2Fv2%2Fmedia&parent=4281"}],"curies":[{"name":"wp","href":"https:\/\/api.w.org\/{rel}","templated":true}]}}